git of 1495?
9
What is the units digit of 49?
9
What is the hundreds digit of 21960?
9
What is the units digit of 1120?
0
What is the units digit of 5803?
3
What is the thousands digit of 26029?
6
What is the ten thousands digit of 18961?
1
What is the units digit of 25572?
2
What is the hundreds digit of 926?
9
What is the ten thousands digit of 13721?
1
What is the tens digit of 2549?
4
What is the tens digit of 130937?
3
What is the units digit of 1372?
2
What is the thousands digit of 35134?
5
What is the hundreds digit of 3714?
7
What is the hundreds digit of 1374?
3
What is the hundreds digit of 10469?
4
What is the thousands digit of 1358?
1
What is the units digit of 15625?
5
What is the hundreds digit of 10264?
2
What is the thousands digit of 2121?
2
What is the thousands digit of 3179?
3
What is the units digit of 50241?
1
What is the thousands digit of 3271?
3
What is the tens digit of 206?
0
What is the thousands digit of 2797?
2
What is the hundreds digit of 22926?
9
What is the thousands digit of 3508?
3
What is the thousands digit of 111287?
1
What is the tens digit of 457?
5
What is the tens digit of 1028?
2
What is the tens digit of 5523?
2
What is the ten thousands digit of 11046?
1
What is the tens digit of 5878?
7
What is the tens digit of 1143?
4
What is the hundreds digit of 25373?
3
What is the thousands digit of 70895?
0
What is the units digit of 5015?
5
What is the units digit of 33907?
7
What is the thousands digit of 2950?
2
What is the units digit of 78346?
6
What is the tens digit of 2441?
4
What is the hundreds digit of 294?
2
What is the hundreds digit of 90231?
2
What is the units digit of 2007?
7
What is the thousands digit of 1371?
1
What is the thousands digit of 9210?
9
What is the units digit of 2171?
1
What is the tens digit of 103?
0
What is the hundreds digit of 1500?
5
What is the thousands digit of 8691?
8
What is the units digit of 12756?
6
What is the units digit of 8140?
0
What is the thousands digit of 4104?
4
What is the ten thousands digit of 10276?
1
What is the units digit of 640?
0
What is the units digit of 672?
2
What is the tens digit of 3413?
1
What is the hundreds digit of 38298?
2
What is the thousands digit of 6621?
6
What is the ten thousands digit of 17185?
1
What is the tens digit of 60?
6
What is the thousands digit of 6973?
6
What is the thousands digit of 45991?
5
What is the tens digit of 2025?
2
What is the thousands digit of 109596?
9
What is the tens digit of 15535?
3
What is the hundreds digit of 14935?
9
What is the thousands digit of 31345?
1
What is the tens digit of 44649?
4
What is the hundreds digit of 2379?
3
What is the units digit of 30?
0
What is the tens digit of 3404?
0
What is the ten thousands digit of 22415?
2
What is the tens digit of 12992?
9
What is the units digit of 47598?
8
What is the thousands digit of 167580?
7
What is the units digit of 2999?
9
What is the tens digit of 6252?
5
What is the hundreds digit of 1792?
7
What is the units digit of 577?
7
What is the thousands digit of 6324?
6
What is the thousands digit of 23364?
3
What is the thousands digit of 8771?
8
What is the units digit of 3566?
6
What is the units digit of 38022?
2
What is the units digit of 5510?
0
What is the tens digit of 112?
1
What is the hundreds digit of 180431?
4
What is the thousands digit of 61397?
1
What is the ten thousands digit of 10017?
1
What is the tens digit of 441?
4
What is the hundreds digit of 970?
9
What is the units digit of 457?
7
What is the units digit of 100169?
9
What is the hundreds digit of 2391?
3
What is the thousands digit of 11827?
1
What is the units digit of 419?
9
What is the tens digit of 3766?
6
What is the tens digit of 154?
5
What is the tens digit of 978?
7
What is the units digit of 3426?
6
What is the hundreds digit of 8560?
5
What is the tens digit of 958?
5
What is the units digit of 33598?
8
What is the thousands digit of 94158?
4
What is the units digit of 140?
0
What is the units digit of 5969?
9
What is the units digit of 131?
1
What is the thousands digit of 2694?
2
What is the units digit of 25793?
3
What is the units digit of 736?
6
What is the thousands digit of 1125?
1
What is the hundreds digit of 775?
7
What is the units digit of 6433?
3
What is the units digit of 4800?
0
What is the hundreds digit of 213?
2
What is the hundreds digit of 1423?
4
What is the hundreds digit of 199668?
6
What is the units digit of 1844?
4
What is the hundreds digit of 1933?
9
What is the tens digit of 4886?
8
What is the hundreds digit of 9070?
0
What is the tens digit of 3389?
8
What is the units digit of 9209?
9
What is the thousands digit of 5656?
5
What is the hundreds digit of 35534?
5
What is the ten thousands digit of 15867?
1
What is the hundreds digit of 140224?
2
What is the hundreds digit of 1078?
0
What is the units digit of 1082?
2
What is the units digit of 8545?
5
What is the ten thousands digit of 17362?
1
What is the hundreds digit of 108974?
9
What is the units digit of 2384?
4
What is the thousands digit of 2984?
2
What is the thousands digit of 78858?
8
What is the tens digit of 56988?
8
What is the tens digit of 34008?
0
What is the units digit of 2397?
7
What is the hundreds digit of 787?
7
What is the thousands digit of 35117?
5
What is the hundreds digit of 25624?
6
What is the thousands digit of 2044?
2
What is the units digit of 16594?
4
What is the units digit of 31293?
3
What is the units digit of 3003?
3
What is the units digit of 77534?
4
What is the thousands digit of 3248?
3
What is the ten thousands digit of 10904?
1
What is the thousands digit of 3121?
3
What is the units digit of 9622?
2
What is the tens digit of 154921?
2
What is the tens digit of 2194?
9
What is the hundreds digit of 63242?
2
What is the units digit of 16148?
8
What is the units digit of 5525?
5
What is the tens digit of 19384?
8
What is the tens digit of 8435?
3
What is the units digit of 148798?
8
What is the thousands digit of 3142?
3
What is the tens digit of 33686?
8
What is the tens digit of 428?
2
What is the tens digit of 3294?
9
What is the ten thousands digit of 11599?
1
What is the units digit of 3456?
6
What is the hundreds digit of 48932?
9
What is the hundreds digit of 685?
6
What is the tens digit of 1701?
0
What is the hundreds digit of 339?
3
What is the hundreds digit of 255?
2
What is the units digit of 3299?
9
What is the thousands digit of 1967?
1
What is the hundreds digit of 15071?
0
What is the hundreds digit of 321?
3
What is the units digit of 1302?
2
What is the ten thousands digit of 61586?
6
What is the hundreds digit of 2719?
7
What is the thousands digit of 10163?
0
What is the tens digit of 8760?
6
What is the hundreds digit of 16588?
5
What is the thousands digit of 2992?
2
What is the units digit of 5814?
4
What is the tens digit of 104920?
2
What is the units digit of 44283?
3
What is the ten thousands digit of 14546?
1
What is the tens digit of 137685?
8
What is the hundreds digit of 5324?
3
What is the thousands digit of 4216?
4
What is the hundreds digit of 2158?
1
What is the units digit of 3994?
4
What is the units digit of 2625?
5
What is the thousands digit of 1302?
1
What is the units digit of 61969?
9
What is the tens digit of 5053?
5
What is the units digit of 15468?
8
What is the tens digit of 12?
1
What is the units digit of 6?
6
What is the ten thousands digit of 65526?
6
What is the ten thousands digit of 147639?
4
What is the thousands digit of 4747?
4
What is the tens digit of 6686?
8
What is the tens digit of 9258?
5
What is the tens digit of 690?
9
What is the units digit of 2154?
4
What is the units digit of 16397?
7
What is the hundreds digit of 5077?
0
What is the units digit of 4728?
8
What is the tens digit of 2027?
2
What is the hundreds digit of 3441?
4
What is the tens digit of 18203?
0
What is the hundreds digit of 4037?
0
What is the hundreds digit of 583?
5
What is the hundreds digit of 8953?
9
What is the hundreds digit of 7575?
5
What is the thousands digit of 69767?
9
What is the tens digit of 75678?
7
What is the hundreds digit of 13337?
3
What is the units digit of 1903?
3
What is the tens digit of 710?
1
What is the units digit of 2758?
8
What is the ten thousands di